 prime factors of -1 - (114/b)/(-3).
2, 3
Let a(v) = -3*v + 24. Let t be a(7). Suppose 3*w - 303 = -2*q, -4*q = t*w - 274 - 35. List the prime factors of w.
3, 11
Suppose -14*s + 12 = -10*s. Let j(g) = 12*g**2 - 4*g. List the prime factors of j(s).
2, 3
Let c(f) = 149*f**2 - 106*f + 6. What are the prime factors of c(-5)?
4261
Let k = -508 - -1133. Suppose -s = 4*f + 4*s - k, 4*s + 730 = 5*f. What are the prime factors of f?
2, 3, 5
Suppose 3*c = f + 3754, 0 = 5*c + 7*f - 5*f - 6275. What are the prime factors of c?
7, 179
Suppose w - 864 = -2*h, -5*h = -0*w + 3*w - 2593. What are the prime factors of w?
2, 433
Suppose 11 = -5*s + 6. List the prime factors of (157/s)/(1/(-1)).
157
Let l = 362 + -139. What are the prime factors of l?
223
Let b(h) = 4*h**3 + 20 + 44 - 3*h**3. List the prime factors of b(0).
2
Suppose -j + 3*j - 2*q = 1174, -q = 5*j - 2965. List the prime factors of j.
2, 37
Suppose -2*c + 6*b + 17 = 5*b, -b + 32 = 5*c. List the prime factors of c.
7
Suppose -q = -5*o - 236, 3*q - 2*o = 4*q - 229. What are the prime factors of q?
3, 7, 11
Let p = 694 + -259. What are the prime factors of p?
3, 5, 29
Suppose -4*a - 12 = -7*a. Suppose a*b + 6 = 3*b. List the prime factors of (-6)/(-4)*(-16)/b.
2
Let u(w) = -w**3 + 16*w**2 - 17*w + 30. Let h be u(15). Suppose -4*q + 5*c = -15, -4*q + 55 = -h*q + 3*c. List the prime factors of q.
2, 5
Suppose 8 + 10 = d - 4*c, 0 = 3*c + 9. Suppose -7*v - 376 = -d*v. What are the prime factors of (v/(-6))/(-4)*-3?
47
Let t(r) = -r**2 + r + 1. Let u be t(0). Let v be (-3 - (u + -6))*37. Let h = -9 + v. List the prime factors of h.
5, 13
Suppose o = -4*r + 2*o + 6, -5*o = 10. Suppose 7*x = 6*x + r. Let t = 22 - x. List the prime factors of t.
3, 7
Let b(o) = -o**2 + 1. Let z(w) = 5*w**2 + w - 3. Let q(y) = 4*b(y) + z(y). Let g be q(-4). Let p = 27 + g. What are the prime factors of p?
2, 5
Let n = -5 + 5. Suppose 2*c - 3*g - 34 = -0*c, 3*g = n. What are the prime factors of c?
17
Let i(f) = -2*f**2 - 4*f - 2. Let x be i(-2). Let v be 1 - (-8)/(2 - x). Suppose -3*y + 31 = s, -v*s - 33 = -0*y - 5*y. What are the prime factors of y?
3
Suppose 0 = -12*h + 922 - 58. List the prime factors of h.
2, 3
Let y(v) = 1840*v + 31. List the prime factors of y(3).
7, 13, 61
Let l(w) = -w**3 + w**2 + w - 16. Let t be l(0). Let u = t - -33. List the prime factors of u.
17
Let f be 6 - (5 - 4 - 0). Suppose 3*k + 5*i = 21, -3*i = -k - 2 - f. Let r(z) = 26*z + 2. What are the prime factors of r(k)?
2, 3
Suppose 4*r = -5*p + 26, 0*r + 2*p + 4 = 2*r. Let a be 3*(-1)/(-3) + r. Suppose -a*f + 3 + 17 = 0. What are the prime factors of f?
2
Suppose -16032 - 922 = -14*k. What are the prime factors of k?
7, 173
Let t(p) = -p**3 - 5*p**2 + 6*p. Let x be t(-6). Suppose -3*a + 407 = 4*j, x = -4*j + 2*a + 627 - 245. What are the prime factors of j?
2, 7
Let y(z) = 56*z - 26. Let g be y(7). Suppose -2*q - g = -4*q. List the prime factors of q.
3, 61
Let x = 538 - 53. List the prime factors of x.
5, 97
Let w = 14 - 12. Suppose -g - 2*q + 9 = 0, 0 = -4*g + w*q + q + 25. List the prime factors of g*-1*(-36)/14.
2, 3
Let k be ((-2)/(-1))/((-20)/(-270)). Let t = k + -14. Suppose t*x + 48 = 14*x. List the prime factors of x.
2, 3
Suppose -8*t + 620 = -12*t. Let b = t - -314. List the prime factors of b.
3, 53
Let n(y) = 2*y**2 + 15*y + 52. Let m(f) = -f**2 - 8*f - 26. Let s(t) = -5*m(t) - 2*n(t). What are the prime factors of s(-12)?
2, 5
Let u(x) = 63*x - 103. What are the prime factors of u(20)?
13, 89
Let s(z) = -72*z + 103. What are the prime factors of s(-5)?
463
Suppose 4*c - 3019 + 8159 = 2*o, 4*o = 4*c + 10284. List the prime factors of o.
2, 643
Let n(l) = l**2 + 4*l + 56. Let o be n(-16). Suppose 4*q - 992 = t - 3*t, 0 = -q - 2*t + o. What are the prime factors of q?
2, 31
Suppose 3429 = 9*x - 1071. List the prime factors of x.
2, 5
Suppose -4*g + 305 = 3*s + 2*s, 2*s - 4*g - 122 = 0. Suppose s = -4*k - 5*m + 159, -4*k = -4*m - 80. List the prime factors of k.
2, 11
Let s = 13 - 32. Suppose -69*q = -74*q - 25. Let t = q - s. What are the prime factors of t?
2, 7
List the prime factors of (1996 - (29 - 12)) + -6 + 0.
1973
Let s(i) = -i**2 - 3*i + 1. Let j be s(-2). Suppose -g + 2*m - 12 = 6*m, 5*g - j = m. Suppose -4*u + g*u + 116 = 0. List the prime factors of u.
29
Let g = -639 - -1742. List the prime factors of g.
1103
What are the prime factors of (-5)/(1 + 4)*(-444 + -1)?
5, 89
Let n = -35 - -59. Let s(v) = v**2 - 19*v - 12. List the prime factors of s(n).
2, 3
Let c be -2 - (-6)/4 - (-17)/2. Let v(u) = 11*u + 18. What are the prime factors of v(c)?
2, 53
Let c(y) = -9*y - 2. Suppose 0*a + 3 = -a, 5*i + a = -23. List the prime factors of c(i).
2, 17
Let u = -12 + 21. What are the prime factors of (-3160)/(-36) - 5 - (-2)/u?
83
Let u be (2 - 195)/(2 + -1) - -2. Let g = u - -325. List the prime factors of g.
2, 67
Let d = 57 + -120. Let b = 55 - d. What are the prime factors of b?
2, 59
Let f(y) = 2*y**3 + 6*y**2 - 5*y - 15. List the prime factors of f(5).
2, 3, 5
Suppose 60 = 3*u + 2*u. Let b = u - 10. Suppose -6*j + 124 = -b*j. List the prime factors of j.
31
Let k = 4803 - 3356. What are the prime factors of k?
1447
List the prime factors of (3/6)/((-20)/(-37960)).
13, 73
Let a = 1411 - 823. What are the prime factors of a?
2, 3, 7
Let y(t) = 255*t + 920. What are the prime factors of y(7)?
5, 541
Let n = 722 - 261. Suppose -4*g - 174 = -r, -5*r + n = g - 388. What are the prime factors of r?
2, 5, 17
Suppose 5*u - 6 - 9 = 0. Suppose -4*h + 8 = -s + u*s, 3*h - 9 = -2*s. List the prime factors of s.
2, 3
Let r = 12 - 9. List the prime factors of 19 - (-5 + r + 4).
17
Let n(t) = -17*t**3 - t**2 + 2. Suppose 4*r = 3*r + 5*j - 18, -r + 4*j - 14 = 0. Suppose -2*w + 0*v = -r*v, 5*w + 5*v + 10 = 0. List the prime factors of n(w).
2, 3
Let r(p) = -p**3 - 7*p**2 - 8*p + 4. Let d be r(-4). Let k = d + 31. Suppose -37 = -2*w + k. List the prime factors of w.
2, 7
Suppose -3*g - 2*z - 52 = -g, 44 = -2*g + 2*z. Let d = g + 40. Suppose -2*s = -d - 14. List the prime factors of s.
3, 5
Suppose -5*j + 257850 = 70*j. List the prime factors of j.
2, 3, 191
Let y be (-82)/(-14) - 12/(-84). Let i = y + 16. What are the prime factors of i?
2, 11
Suppose -k + 2*g = 7*g + 11, 0 = k - 2*g - 10. What are the prime factors of (-5 - -148) + k/2?
5, 29
Let o(f) = 2*f + 1 + 1 - 6 + 1. Let r(h) = 2*h - 6. Let l be r(5). What are the prime factors of o(l)?
5
Suppose -7*w + 5*w = -34. List the prime factors of w.
17
Suppose -4*p + 6*p - 24 = 0. Let h(v) = v**3 - 13*v**2 + 13*v - 12. Let k be h(p). Suppose 4*n = 5*z - 251, k = 4*z + n + n - 206. List the prime factors of z.
3, 17
Suppose 0 = 69*t - 68*t. Suppose t = -5*w + 378 - 58. List the prime factors of w.
2
Let g = 1590 + -933. List the prime factors of g.
3, 73
Let u = -18 + 21. Suppose 3*w + u*b - 155 = w, w = -4*b + 90. Suppose -h - 32 = -k, 5*k - 3*k - w = 4*h. List the prime factors of k.
29
Let v(c) = 53*c + 68. List the prime factors of v(2).
2, 3, 29
Let c = -71 + 36. Let u = 53 + c. What are the prime factors of u?
2, 3
Let t = 35 - 53. List the prime factors of 1166/6 - ((-132)/t - 7).
2, 97
Suppose 15*d = 11*d + 2176. List the prime factors of d.
2, 17
Let w = 44 - 6. Let z = -30 + w. List the prime factors of z.
2
Let p be 0 + -3 + 1 + 2. Let a(v) = -v**3 - 2*v + 69. List the prime factors of a(p).
3, 23
Let w(r) = 2*r**2 - 16. Let l be w(-5). Suppose 32*s = l*s - 178. What are the prime factors of s?
89
Let a be (-4 - -6)*6/4. Suppose 1 = 3*x + 4*p, -3*p - a = 3*x - 0. Let y(f) = -7*f. What are the prime factors of y(x)?
5, 7
Let q(w) = -w + 208. List the prime factors of q(-34).
2, 11
Let d = 38 + -84. Let h = d - -251. List the prime factors of h.
5, 41
Let q(o) = -o**2 - 7*o - 5. Let z be q(-2). List the prime factors of 56/(z/((-5)/(-2))).
2, 7
Suppose -5 = -3*j - 4*g + 18, -4*j = -g + 1. Let r be (-10)/(1 + j) + -2. What are the prime factors of r/(-3 - -2) + 2?
3
Suppose 0 = -6*f - 3*f + 36. Suppose -4*l - 7*p + 3*p = 12, 5*l - p = 3. Suppose l = 3*h - 3*d + d - 59, f*d = 2*h - 26. List the prime factors of h.
23
Suppose -3*u + 594 = 3*u. Let j = -46 + u. List the prime factors of j.
53
Suppose -4*q + 11 = 3*j, 4*j + 2 = 2*q - 4*q. Let s be (1 - 3)*(-2 + 1). Suppose -10 = -s*n, 0